{"id":2473,"date":"2025-12-01T07:51:54","date_gmt":"2025-12-01T07:51:54","guid":{"rendered":"https:\/\/kdwilczega.pl\/?post_type=product&#038;p=2473"},"modified":"2025-12-01T07:57:24","modified_gmt":"2025-12-01T07:57:24","slug":"merry-fcking-christmas","status":"publish","type":"product","link":"https:\/\/kdwilczega.pl\/index.php\/produkt\/merry-fcking-christmas\/","title":{"rendered":"MERRY F*CKING CHRISTMAS"},"content":{"rendered":"<p><strong>Premiera 12.12.2025<\/strong><br \/>\nWysy\u0142ka w okolicy premiery<\/p>\n<p>Zwyk\u0142y \u015bwi\u0105teczny lot z Denver do Bostonu zmienia si\u0119 w koszmar, kiedy burza \u015bnie\u017cna uziemia setki pasa\u017cer\u00f3w w jednym z luksusowych hoteli. Hailey Campbell, kt\u00f3ra co roku sp\u0119dza \u015bwi\u0119ta z rodzin\u0105 i wierzy w ich magi\u0119, tym razem musi pogodzi\u0107 si\u0119 z innym scenariuszem. Trafia do apartamentu z przystojnym i aroganckim m\u0119\u017cczyzn\u0105. James Donovan \u2013 ceniony prawnik i uosobienie klasy \u2013 wraca do Bostonu po raz pierwszy od lat.<\/p>\n<p>Kiedy James spotyka Hailey, od razu mi\u0119dzy nimi iskrzy. Nie ukrywaj\u0105 obop\u00f3lnej niech\u0119ci, ale s\u0105 zmuszeni dzieli\u0107 wsp\u00f3ln\u0105 przestrze\u0144. Eskalacja ich konfliktu jest na takim poziomie, \u017ce nie ujawniaj\u0105 swoich imion. On dla niej jest Kr\u00f3lem Ego, a ona dla niego \u015anie\u017cynk\u0105. Jednak z ka\u017cd\u0105 godzin\u0105 przebywania razem si\u0142a nienawi\u015bci przybiera inn\u0105 posta\u0107. On dostrzega w niej pi\u0119kn\u0105 kobiet\u0119 z twardym charakterem. Ona widzi w nim przystojnego, aczkolwiek zbyt pewnego siebie cz\u0142owieka, kt\u00f3remu si\u0119 nie odmawia.<\/p>\n<p>Tama emocji p\u0119ka. Hailey i James decyduj\u0105 si\u0119 na kr\u00f3tk\u0105, anonimow\u0105 znajomo\u015b\u0107. Kilka dni szczerych rozm\u00f3w, nami\u0119tne noce i obietnica, \u017ce po wszystkim ka\u017cde z nich wr\u00f3ci do swojego \u015bwiata. Jednak czy emocje i uczucia mog\u0105 mie\u0107 termin wa\u017cno\u015bci?<\/p>\n<p>Czy \u015bwi\u0105teczne cuda naprawd\u0119 si\u0119 zdarzaj\u0105? Czy los ma moc, aby po\u0142\u0105czy\u0107 dwoje ludzi?<\/p>\n","protected":false},"excerpt":{"rendered":"<p>Premiera 12.12.2025 Wysy\u0142ka w okolicy premiery Zwyk\u0142y \u015bwi\u0105teczny lot z Denver do Bostonu zmienia si\u0119 w koszmar, kiedy burza \u015bnie\u017cna uziemia setki pasa\u017cer\u00f3w w jednym z luksusowych hoteli. Hailey Campbell, kt\u00f3ra co roku sp\u0119dza \u015bwi\u0119ta z rodzin\u0105 i wierzy w ich magi\u0119, tym razem musi pogodzi\u0107 si\u0119 z innym scenariuszem. Trafia do apartamentu z przystojnym &hellip;<\/p>\n<p class=\"read-more\"> <a class=\"\" href=\"https:\/\/kdwilczega.pl\/index.php\/produkt\/merry-fcking-christmas\/\"> <span class=\"screen-reader-text\">MERRY F*CKING CHRISTMAS<\/span> Read More &raquo;<\/a><\/p>\n","protected":false},"featured_media":2474,"template":"","meta":{"site-sidebar-layout":"default","site-content-layout":"default","ast-global-header-display":"","ast-main-header-display":"","ast-hfb-above-header-display":"","ast-hfb-below-header-display":"","ast-hfb-mobile-header-display":"","site-post-title":"","ast-breadcrumbs-content":"","ast-featured-img":"","footer-sml-layout":"","theme-transparent-header-meta":"default","adv-header-id-meta":"","stick-header-meta":"","header-above-stick-meta":"","header-main-stick-meta":"","header-below-stick-meta":""},"product_cat":[34],"product_tag":[],"_links":{"self":[{"href":"https:\/\/kdwilczega.pl\/index.php\/wp-json\/wp\/v3\/product\/2473"}],"collection":[{"href":"https:\/\/kdwilczega.pl\/index.php\/wp-json\/wp\/v3\/product"}],"about":[{"href":"https:\/\/kdwilczega.pl\/index.php\/wp-json\/wp\/v2\/types\/product"}],"wp:featuredmedia":[{"embeddable":true,"href":"https:\/\/kdwilczega.pl\/index.php\/wp-json\/wp\/v2\/media\/2474"}],"wp:attachment":[{"href":"https:\/\/kdwilczega.pl\/index.php\/wp-json\/wp\/v2\/media?parent=2473"}],"wp:term":[{"taxonomy":"product_cat","embeddable":true,"href":"https:\/\/kdwilczega.pl\/index.php\/wp-json\/wp\/v2\/product_cat?post=2473"},{"taxonomy":"product_tag","embeddable":true,"href":"https:\/\/kdwilczega.pl\/index.php\/wp-json\/wp\/v2\/product_tag?post=2473"}],"curies":[{"name":"wp","href":"https:\/\/api.w.org\/{rel}","templated":true}]}}