{"id":2413,"date":"2025-09-15T08:03:31","date_gmt":"2025-09-15T08:03:31","guid":{"rendered":"https:\/\/kdwilczega.pl\/?post_type=product&#038;p=2413"},"modified":"2025-09-15T08:08:05","modified_gmt":"2025-09-15T08:08:05","slug":"pakiet-dzielo-mafii","status":"publish","type":"product","link":"https:\/\/kdwilczega.pl\/index.php\/produkt\/pakiet-dzielo-mafii\/","title":{"rendered":"PAKIET DZIE\u0141O MAFII"},"content":{"rendered":"<p>Trzy cz\u0119\u015bci serii: <strong>Dzie\u0142o Mafii<\/strong><br \/>\n<strong>Cz\u0119\u015b\u0107 druga:<\/strong> Odkupienie Venturi<br \/>\n<strong>Cz\u0119\u015b\u0107 trzecia:<\/strong> Zguba Venturi<br \/>\n<strong>Cz\u0119\u015b\u0107 czwarta:<\/strong> Nagroda Diego<\/p>\n","protected":false},"excerpt":{"rendered":"<p>Trzy cz\u0119\u015bci serii: Dzie\u0142o Mafii Cz\u0119\u015b\u0107 druga: Odkupienie Venturi Cz\u0119\u015b\u0107 trzecia: Zguba Venturi Cz\u0119\u015b\u0107 czwarta: Nagroda Diego<\/p>\n","protected":false},"featured_media":2414,"template":"","meta":{"site-sidebar-layout":"default","site-content-layout":"default","ast-global-header-display":"","ast-main-header-display":"","ast-hfb-above-header-display":"","ast-hfb-below-header-display":"","ast-hfb-mobile-header-display":"","site-post-title":"","ast-breadcrumbs-content":"","ast-featured-img":"","footer-sml-layout":"","theme-transparent-header-meta":"default","adv-header-id-meta":"","stick-header-meta":"","header-above-stick-meta":"","header-main-stick-meta":"","header-below-stick-meta":""},"product_cat":[15],"product_tag":[],"_links":{"self":[{"href":"https:\/\/kdwilczega.pl\/index.php\/wp-json\/wp\/v3\/product\/2413"}],"collection":[{"href":"https:\/\/kdwilczega.pl\/index.php\/wp-json\/wp\/v3\/product"}],"about":[{"href":"https:\/\/kdwilczega.pl\/index.php\/wp-json\/wp\/v2\/types\/product"}],"wp:featuredmedia":[{"embeddable":true,"href":"https:\/\/kdwilczega.pl\/index.php\/wp-json\/wp\/v2\/media\/2414"}],"wp:attachment":[{"href":"https:\/\/kdwilczega.pl\/index.php\/wp-json\/wp\/v2\/media?parent=2413"}],"wp:term":[{"taxonomy":"product_cat","embeddable":true,"href":"https:\/\/kdwilczega.pl\/index.php\/wp-json\/wp\/v2\/product_cat?post=2413"},{"taxonomy":"product_tag","embeddable":true,"href":"https:\/\/kdwilczega.pl\/index.php\/wp-json\/wp\/v2\/product_tag?post=2413"}],"curies":[{"name":"wp","href":"https:\/\/api.w.org\/{rel}","templated":true}]}}