{"id":1977,"date":"2024-11-04T08:40:34","date_gmt":"2024-11-04T08:40:34","guid":{"rendered":"https:\/\/kdwilczega.pl\/?post_type=product&#038;p=1977"},"modified":"2025-12-05T19:38:14","modified_gmt":"2025-12-05T19:38:14","slug":"nieobliczany-e-book","status":"publish","type":"product","link":"https:\/\/kdwilczega.pl\/index.php\/produkt\/nieobliczany-e-book\/","title":{"rendered":"Nieobliczalny &#8211; e-book"},"content":{"rendered":"<p>Trevor Lewis jest jednym z za\u0142o\u017cycieli W&amp;L&amp;C Media, firmy, kt\u00f3ra z impetem wkroczy\u0142a na rynek dziennikarski. Jako dyrektor finansowy, Lewis zdobywa najbardziej po\u017c\u0105danych sponsor\u00f3w, jednocze\u015bnie korzystaj\u0105c z licznych przywilej\u00f3w oferowanych przez \u015bwiat biznesu. Jego arogancja, bezpo\u015brednio\u015b\u0107 i nieprzewidywalno\u015b\u0107 sprawiaj\u0105, \u017ce nawet najwi\u0119ksi gracze na rynku czuj\u0105 si\u0119 niepewnie w jego obecno\u015bci. Trevor ch\u0119tnie reprezentuje firm\u0119 na r\u00f3\u017cnego rodzaju eventach, ciesz\u0105c si\u0119 swoj\u0105 s\u0142aw\u0105. Cho\u0107 jego \u017cycie jest pe\u0142ne pracy, pieni\u0119dzy i s\u0142awy, jego przesz\u0142o\u015b\u0107 wci\u0105\u017c ma wp\u0142yw na jego decyzje. Traumy z dzieci\u0144stwa kszta\u0142tuj\u0105 jego brak empatii i trudno\u015bci w wyra\u017caniu uczu\u0107. W jego \u017cyciu brakuje miejsca na mi\u0142o\u015b\u0107, wsp\u00f3\u0142czucie czy lito\u015b\u0107. Jedynym wyj\u0105tkiem by\u0142a odwa\u017cna dziewczynka z jego przesz\u0142o\u015bci, kt\u00f3ra przywr\u00f3ci\u0142a mu wiar\u0119 w siebie, kt\u00f3r\u0105 piel\u0119gnuje do dzi\u015b.<\/p>\n<p>Mia Green to m\u0142oda, szcz\u0119\u015bliwa psycholog, kt\u00f3ra z dum\u0105 realizuje swoj\u0105 \u015bcie\u017ck\u0119 kariery. Jej profesjonalizm oraz ciep\u0142e i empatyczne podej\u015bcie do pacjent\u00f3w daj\u0105 im nadziej\u0119 na lepsze jutro. Wychowywana przez samotn\u0105 matk\u0119, Mia wie, jak wa\u017cna jest niezale\u017cno\u015b\u0107, dlatego twardo st\u0105pa po ziemi, staraj\u0105c si\u0119 nie zboczy\u0107 z obranej drogi. Mimo sukces\u00f3w zawodowych, brakuje jej mi\u0142o\u015bci. Ma nadziej\u0119, \u017ce pewnego dnia spotka kogo\u015b, kto zapewni jej uczucie bezpiecze\u0144stwa i mi\u0142o\u015bci.<\/p>\n<p>Los stawia na jej drodze Trevora Lewisa. Od pocz\u0105tku Mia nie darzy go sympati\u0105, daj\u0105c jasno do zrozumienia, \u017ce nie mo\u017ce liczy\u0107 na jej przychylno\u015b\u0107. Jednak Lewis nie jest typem, kt\u00f3ry unika wyzwa\u0144. Czy podejmie r\u0119kawic\u0119 rzucon\u0105 przez Mi\u0119?<\/p>\n","protected":false},"excerpt":{"rendered":"<p>Trevor Lewis jest jednym z za\u0142o\u017cycieli W&amp;L&amp;C Media, firmy, kt\u00f3ra z impetem wkroczy\u0142a na rynek dziennikarski. Jako dyrektor finansowy, Lewis zdobywa najbardziej po\u017c\u0105danych sponsor\u00f3w, jednocze\u015bnie korzystaj\u0105c z licznych przywilej\u00f3w oferowanych przez \u015bwiat biznesu. Jego arogancja, bezpo\u015brednio\u015b\u0107 i nieprzewidywalno\u015b\u0107 sprawiaj\u0105, \u017ce nawet najwi\u0119ksi gracze na rynku czuj\u0105 si\u0119 niepewnie w jego obecno\u015bci. Trevor ch\u0119tnie reprezentuje firm\u0119 &hellip;<\/p>\n<p class=\"read-more\"> <a class=\"\" href=\"https:\/\/kdwilczega.pl\/index.php\/produkt\/nieobliczany-e-book\/\"> <span class=\"screen-reader-text\">Nieobliczalny &#8211; e-book<\/span> Read More &raquo;<\/a><\/p>\n","protected":false},"featured_media":1978,"template":"","meta":{"site-sidebar-layout":"default","site-content-layout":"default","ast-global-header-display":"","ast-main-header-display":"","ast-hfb-above-header-display":"","ast-hfb-below-header-display":"","ast-hfb-mobile-header-display":"","site-post-title":"","ast-breadcrumbs-content":"","ast-featured-img":"","footer-sml-layout":"","theme-transparent-header-meta":"default","adv-header-id-meta":"","stick-header-meta":"","header-above-stick-meta":"","header-main-stick-meta":"","header-below-stick-meta":""},"product_cat":[34],"product_tag":[],"_links":{"self":[{"href":"https:\/\/kdwilczega.pl\/index.php\/wp-json\/wp\/v3\/product\/1977"}],"collection":[{"href":"https:\/\/kdwilczega.pl\/index.php\/wp-json\/wp\/v3\/product"}],"about":[{"href":"https:\/\/kdwilczega.pl\/index.php\/wp-json\/wp\/v2\/types\/product"}],"wp:featuredmedia":[{"embeddable":true,"href":"https:\/\/kdwilczega.pl\/index.php\/wp-json\/wp\/v2\/media\/1978"}],"wp:attachment":[{"href":"https:\/\/kdwilczega.pl\/index.php\/wp-json\/wp\/v2\/media?parent=1977"}],"wp:term":[{"taxonomy":"product_cat","embeddable":true,"href":"https:\/\/kdwilczega.pl\/index.php\/wp-json\/wp\/v2\/product_cat?post=1977"},{"taxonomy":"product_tag","embeddable":true,"href":"https:\/\/kdwilczega.pl\/index.php\/wp-json\/wp\/v2\/product_tag?post=1977"}],"curies":[{"name":"wp","href":"https:\/\/api.w.org\/{rel}","templated":true}]}}