{"id":1871,"date":"2024-04-28T14:23:01","date_gmt":"2024-04-28T14:23:01","guid":{"rendered":"https:\/\/kdwilczega.pl\/?post_type=product&#038;p=1871"},"modified":"2025-12-05T19:38:29","modified_gmt":"2025-12-05T19:38:29","slug":"ponad-wszystko-kochanie-e-book","status":"publish","type":"product","link":"https:\/\/kdwilczega.pl\/index.php\/produkt\/ponad-wszystko-kochanie-e-book\/","title":{"rendered":"Ponad wszystko, kochanie &#8211; e-book"},"content":{"rendered":"<p>Opis:<br \/>\nIsabella Hudson od najm\u0142odszych lat marzy\u0142a o niesieniu pomocy innym. Wychowana w ciep\u0142ym i wspieraj\u0105cym \u015brodowisku rodzinnym, pragnie wp\u0142ywa\u0107 na zdrowie psychiczne innych os\u00f3b. Dlatego te\u017c postanawia pod\u0105\u017ca\u0107 \u015bcie\u017ck\u0105 psychologii, aby m\u00f3c ofiarowa\u0107 swoj\u0105 pomoc tym, kt\u00f3rzy zgubili si\u0119 w labiryncie \u017cyciowych trudno\u015bci. Po uko\u0144czeniu studi\u00f3w, wraz ze swoj\u0105 przyjaci\u00f3\u0142k\u0105, zak\u0142ada poradni\u0119 w sercu Seattle, maj\u0105c\u0105 na celu wsparcie i przewodnictwo dla tych, kt\u00f3rzy potrzebuj\u0105 \u015bwiate\u0142ka w tunelu.<br \/>\nDamon Larson, w\u0142a\u015bciciel zak\u0142adu mechanicznego, to przeciwie\u0144stwo Isabelli. Po prze\u017cyciach na froncie wojennym, gdzie s\u0142u\u017cy\u0142 w elitarnych oddzia\u0142ach marines, m\u0119\u017cczyzna staje si\u0119 zamkni\u0119ty w sobie i nieufny wobec \u015bwiata. Bolesne do\u015bwiadczenia wojenne zostawiaj\u0105 w nim trwa\u0142y \u015blad, gn\u0119bi\u0105c go wewn\u0119trznym b\u00f3lem.<br \/>\nJednak los splata ich drogi, kiedy Isabella staje na jego drodze. Jej uroda, optymizm i pewno\u015b\u0107 siebie stawiaj\u0105 Damona przed wyborem \u2013 czy otworzy\u0107 si\u0119 na nowe \u017cycie, czy pozosta\u0107 uwi\u0119zionym w mroku przesz\u0142o\u015bci? A co z sercem Damona, kt\u00f3re zaczyna bi\u0107 szybciej na my\u015bl o innej kobiecie, kt\u00f3rej strata na froncie pozostawi\u0142a go z ranami, kt\u00f3rych jeszcze nie zdo\u0142a\u0142 zagoi\u0107?<br \/>\nPrzed nim staje trudna decyzja, a pokonanie swoich demon\u00f3w mo\u017ce by\u0107 jedynym sposobem na odnalezienie szcz\u0119\u015bcia i spe\u0142nienia.<\/p>\n","protected":false},"excerpt":{"rendered":"<p>Opis: Isabella Hudson od najm\u0142odszych lat marzy\u0142a o niesieniu pomocy innym. Wychowana w ciep\u0142ym i wspieraj\u0105cym \u015brodowisku rodzinnym, pragnie wp\u0142ywa\u0107 na zdrowie psychiczne innych os\u00f3b. Dlatego te\u017c postanawia pod\u0105\u017ca\u0107 \u015bcie\u017ck\u0105 psychologii, aby m\u00f3c ofiarowa\u0107 swoj\u0105 pomoc tym, kt\u00f3rzy zgubili si\u0119 w labiryncie \u017cyciowych trudno\u015bci. Po uko\u0144czeniu studi\u00f3w, wraz ze swoj\u0105 przyjaci\u00f3\u0142k\u0105, zak\u0142ada poradni\u0119 w sercu &hellip;<\/p>\n<p class=\"read-more\"> <a class=\"\" href=\"https:\/\/kdwilczega.pl\/index.php\/produkt\/ponad-wszystko-kochanie-e-book\/\"> <span class=\"screen-reader-text\">Ponad wszystko, kochanie &#8211; e-book<\/span> Read More &raquo;<\/a><\/p>\n","protected":false},"featured_media":1872,"template":"","meta":{"site-sidebar-layout":"default","site-content-layout":"default","ast-global-header-display":"","ast-main-header-display":"","ast-hfb-above-header-display":"","ast-hfb-below-header-display":"","ast-hfb-mobile-header-display":"","site-post-title":"","ast-breadcrumbs-content":"","ast-featured-img":"","footer-sml-layout":"","theme-transparent-header-meta":"default","adv-header-id-meta":"","stick-header-meta":"","header-above-stick-meta":"","header-main-stick-meta":"","header-below-stick-meta":""},"product_cat":[34],"product_tag":[],"_links":{"self":[{"href":"https:\/\/kdwilczega.pl\/index.php\/wp-json\/wp\/v3\/product\/1871"}],"collection":[{"href":"https:\/\/kdwilczega.pl\/index.php\/wp-json\/wp\/v3\/product"}],"about":[{"href":"https:\/\/kdwilczega.pl\/index.php\/wp-json\/wp\/v2\/types\/product"}],"wp:featuredmedia":[{"embeddable":true,"href":"https:\/\/kdwilczega.pl\/index.php\/wp-json\/wp\/v2\/media\/1872"}],"wp:attachment":[{"href":"https:\/\/kdwilczega.pl\/index.php\/wp-json\/wp\/v2\/media?parent=1871"}],"wp:term":[{"taxonomy":"product_cat","embeddable":true,"href":"https:\/\/kdwilczega.pl\/index.php\/wp-json\/wp\/v2\/product_cat?post=1871"},{"taxonomy":"product_tag","embeddable":true,"href":"https:\/\/kdwilczega.pl\/index.php\/wp-json\/wp\/v2\/product_tag?post=1871"}],"curies":[{"name":"wp","href":"https:\/\/api.w.org\/{rel}","templated":true}]}}