{"id":1551,"date":"2023-06-30T06:05:14","date_gmt":"2023-06-30T06:05:14","guid":{"rendered":"https:\/\/kdwilczega.pl\/?post_type=product&#038;p=1551"},"modified":"2025-12-05T19:38:48","modified_gmt":"2025-12-05T19:38:48","slug":"caly-twoj-kochanie-e-book","status":"publish","type":"product","link":"https:\/\/kdwilczega.pl\/index.php\/produkt\/caly-twoj-kochanie-e-book\/","title":{"rendered":"Ca\u0142y Tw\u00f3j, kochanie &#8211; e-book"},"content":{"rendered":"<p>Trzydziestopi\u0119cioletni Max Miller to uznany \u017co\u0142nierz marines, kt\u00f3ry po d\u0142ugiej misji wraca do domu, by odpocz\u0105\u0107 i nabra\u0107 si\u0142 przed kolejn\u0105 s\u0142u\u017cb\u0105. M\u0119\u017cczyzna unika medi\u00f3w, jednak Maria \u2013 kobieta, kt\u00f3ra jest dla niego jak mama \u2013 postanawia zrobi\u0107 co\u015b innego. Umawia go na wywiad z Ameli\u0105 \u2013 studentk\u0105 dziennikarstwa. W ostatniej chwili zast\u0119puje j\u0105 jej przyjaci\u00f3\u0142ka Sophia, kt\u00f3ra chce pom\u00f3c Amy, dlatego wyrusza do domu Millera. Tam dochodzi do nieporozumienia. Okazuje si\u0119, \u017ce Max wzi\u0105\u0142 Sophi\u0119 za dziewczyn\u0119 do towarzystwa, z kt\u00f3r\u0105 wcze\u015bniej si\u0119 um\u00f3wi\u0142. Kobieta jest w\u015bciek\u0142a. Po ostrej wymianie zda\u0144 wychodzi i nie chce go nigdy wi\u0119cej spotka\u0107.<br \/>\nCzy los b\u0119dzie \u0142askawy dla Sophii?<br \/>\nA mo\u017ce to w\u0142a\u015bnie tutaj rozpocz\u0119\u0142a si\u0119 ich historia?<\/p>\n<p>&nbsp;<\/p>\n","protected":false},"excerpt":{"rendered":"<p>Trzydziestopi\u0119cioletni Max Miller to uznany \u017co\u0142nierz marines, kt\u00f3ry po d\u0142ugiej misji wraca do domu, by odpocz\u0105\u0107 i nabra\u0107 si\u0142 przed kolejn\u0105 s\u0142u\u017cb\u0105. M\u0119\u017cczyzna unika medi\u00f3w, jednak Maria \u2013 kobieta, kt\u00f3ra jest dla niego jak mama \u2013 postanawia zrobi\u0107 co\u015b innego. Umawia go na wywiad z Ameli\u0105 \u2013 studentk\u0105 dziennikarstwa. W ostatniej chwili zast\u0119puje j\u0105 jej &hellip;<\/p>\n<p class=\"read-more\"> <a class=\"\" href=\"https:\/\/kdwilczega.pl\/index.php\/produkt\/caly-twoj-kochanie-e-book\/\"> <span class=\"screen-reader-text\">Ca\u0142y Tw\u00f3j, kochanie &#8211; e-book<\/span> Read More &raquo;<\/a><\/p>\n","protected":false},"featured_media":1552,"template":"","meta":{"site-sidebar-layout":"default","site-content-layout":"default","ast-global-header-display":"","ast-main-header-display":"","ast-hfb-above-header-display":"","ast-hfb-below-header-display":"","ast-hfb-mobile-header-display":"","site-post-title":"","ast-breadcrumbs-content":"","ast-featured-img":"","footer-sml-layout":"","theme-transparent-header-meta":"default","adv-header-id-meta":"","stick-header-meta":"","header-above-stick-meta":"","header-main-stick-meta":"","header-below-stick-meta":""},"product_cat":[34],"product_tag":[],"_links":{"self":[{"href":"https:\/\/kdwilczega.pl\/index.php\/wp-json\/wp\/v3\/product\/1551"}],"collection":[{"href":"https:\/\/kdwilczega.pl\/index.php\/wp-json\/wp\/v3\/product"}],"about":[{"href":"https:\/\/kdwilczega.pl\/index.php\/wp-json\/wp\/v2\/types\/product"}],"wp:featuredmedia":[{"embeddable":true,"href":"https:\/\/kdwilczega.pl\/index.php\/wp-json\/wp\/v2\/media\/1552"}],"wp:attachment":[{"href":"https:\/\/kdwilczega.pl\/index.php\/wp-json\/wp\/v2\/media?parent=1551"}],"wp:term":[{"taxonomy":"product_cat","embeddable":true,"href":"https:\/\/kdwilczega.pl\/index.php\/wp-json\/wp\/v2\/product_cat?post=1551"},{"taxonomy":"product_tag","embeddable":true,"href":"https:\/\/kdwilczega.pl\/index.php\/wp-json\/wp\/v2\/product_tag?post=1551"}],"curies":[{"name":"wp","href":"https:\/\/api.w.org\/{rel}","templated":true}]}}