{"id":1289,"date":"2023-04-26T15:13:09","date_gmt":"2023-04-26T15:13:09","guid":{"rendered":"https:\/\/kdwilczega.pl\/?post_type=product&#038;p=1289"},"modified":"2025-12-05T19:39:10","modified_gmt":"2025-12-05T19:39:10","slug":"odkupienie-venturi-ebook","status":"publish","type":"product","link":"https:\/\/kdwilczega.pl\/index.php\/produkt\/odkupienie-venturi-ebook\/","title":{"rendered":"Odkupienie Venturi &#8211; e-book"},"content":{"rendered":"<p>Wiktoria wiedzia\u0142a, \u017ce mi\u0142o\u015b\u0107 nie jest \u0142atwa. Wi\u0105\u017c\u0105c si\u0119 z Antonio, wesz\u0142a do \u015bwiata, w kt\u00f3rym nie ma miejsca na uczucia. Po tragicznych wydarzeniach dziewczyna traci pami\u0119\u0107 i nie poznaje m\u0119\u017cczyzny, kt\u00f3remu odda\u0142a serce. Zrozpaczony Antonio, nie mog\u0105c znie\u015b\u0107 krzywd, kt\u00f3rych dozna\u0142a Wiktoria, postanawia pozwoli\u0107 jej odej\u015b\u0107.<br \/>\nWiktoria wraca z ojcem do Polski, gdzie pr\u00f3buje na nowo u\u0142o\u017cy\u0107 sobie \u017cycie. Antonio pragnie zemsty na Vincencie, kt\u00f3ry skrzywdzi\u0142 jego rodzin\u0119, a przede wszystkim odebra\u0142 ukochan\u0105 kobiet\u0119. Vincent ogarni\u0119ty szale\u0144stwem zrobi wszystko, by odzyska\u0107 Wiktori\u0119, mimo \u017ce pr\u00f3bowa\u0142a go zabi\u0107.<br \/>\nObaj bracia maj\u0105 plan, ale kt\u00f3ry z nich b\u0119dzie szybszy?<br \/>\nW mi\u0142o\u015bci jak na wojnie \u2013 wszystkie chwyty dozwolone.<\/p>\n","protected":false},"excerpt":{"rendered":"<p>Wiktoria wiedzia\u0142a, \u017ce mi\u0142o\u015b\u0107 nie jest \u0142atwa. Wi\u0105\u017c\u0105c si\u0119 z Antonio, wesz\u0142a do \u015bwiata, w kt\u00f3rym nie ma miejsca na uczucia. Po tragicznych wydarzeniach dziewczyna traci pami\u0119\u0107 i nie poznaje m\u0119\u017cczyzny, kt\u00f3remu odda\u0142a serce. Zrozpaczony Antonio, nie mog\u0105c znie\u015b\u0107 krzywd, kt\u00f3rych dozna\u0142a Wiktoria, postanawia pozwoli\u0107 jej odej\u015b\u0107. Wiktoria wraca z ojcem do Polski, gdzie pr\u00f3buje &hellip;<\/p>\n<p class=\"read-more\"> <a class=\"\" href=\"https:\/\/kdwilczega.pl\/index.php\/produkt\/odkupienie-venturi-ebook\/\"> <span class=\"screen-reader-text\">Odkupienie Venturi &#8211; e-book<\/span> Read More &raquo;<\/a><\/p>\n","protected":false},"featured_media":1290,"template":"","meta":{"site-sidebar-layout":"default","site-content-layout":"default","ast-global-header-display":"","ast-main-header-display":"","ast-hfb-above-header-display":"","ast-hfb-below-header-display":"","ast-hfb-mobile-header-display":"","site-post-title":"","ast-breadcrumbs-content":"","ast-featured-img":"","footer-sml-layout":"","theme-transparent-header-meta":"default","adv-header-id-meta":"","stick-header-meta":"","header-above-stick-meta":"","header-main-stick-meta":"","header-below-stick-meta":""},"product_cat":[34],"product_tag":[],"_links":{"self":[{"href":"https:\/\/kdwilczega.pl\/index.php\/wp-json\/wp\/v3\/product\/1289"}],"collection":[{"href":"https:\/\/kdwilczega.pl\/index.php\/wp-json\/wp\/v3\/product"}],"about":[{"href":"https:\/\/kdwilczega.pl\/index.php\/wp-json\/wp\/v2\/types\/product"}],"wp:featuredmedia":[{"embeddable":true,"href":"https:\/\/kdwilczega.pl\/index.php\/wp-json\/wp\/v2\/media\/1290"}],"wp:attachment":[{"href":"https:\/\/kdwilczega.pl\/index.php\/wp-json\/wp\/v2\/media?parent=1289"}],"wp:term":[{"taxonomy":"product_cat","embeddable":true,"href":"https:\/\/kdwilczega.pl\/index.php\/wp-json\/wp\/v2\/product_cat?post=1289"},{"taxonomy":"product_tag","embeddable":true,"href":"https:\/\/kdwilczega.pl\/index.php\/wp-json\/wp\/v2\/product_tag?post=1289"}],"curies":[{"name":"wp","href":"https:\/\/api.w.org\/{rel}","templated":true}]}}